{"id":8834,"date":"2026-03-27T12:01:44","date_gmt":"2026-03-27T11:01:44","guid":{"rendered":"https:\/\/skp.si\/portal-znanja\/?post_type=tribe_events&#038;p=8834"},"modified":"2026-03-27T12:02:44","modified_gmt":"2026-03-27T11:02:44","slug":"zakljucna-konferenca-agrinext","status":"publish","type":"tribe_events","link":"https:\/\/skp.si\/portal-znanja\/dogodek\/zakljucna-konferenca-agrinext\/","title":{"rendered":"Zaklju\u010dna konferenca transnacionalnega projekta: Agrinext"},"content":{"rendered":"<p style=\"text-align: center;\">Vabljeni na zaklju\u010dno konferenca projekta <strong>AgriNext, <\/strong>ki\u00a0bo zdru\u017eila strokovnjake, izobra\u017eevalce, kmete in mlade udele\u017eence z namenom raziskovanja razvojnih prilo\u017enosti v kmetijstvu in agroturizmu. Dogodek bo predstavil inovativne pristope, dobre prakse ter poti za podjetni\u0161tvo mladih in trajnostni razvoj pode\u017eelja.<\/p>\n<p style=\"text-align: center;\">Dogodek bo potekal <strong>13.5.2026, v Naklem.<\/strong><\/p>\n<p style=\"text-align: center;\">Ve\u010d informacij <a href=\"https:\/\/www.agri-next.eu\/en\/events\/agrinext-final-conference-in-slovenia\/\" rel=\"nofollow noopener external noreferrer\" target=\"_blank\" data-wpel-link=\"external\" class=\"wpel-icon-right\">o projektu.<i class=\"wpel-icon dashicons-before dashicons-external\" aria-hidden=\"true\"><\/i><\/a><\/p>\n<p>&nbsp;<\/p>\n","protected":false},"excerpt":{"rendered":"<p>Vabljeni na zaklju\u010dno konferenca projekta AgriNext, ki\u00a0bo zdru\u017eila strokovnjake, izobra\u017eevalce, kmete in mlade udele\u017eence z namenom raziskovanja razvojnih prilo\u017enosti v &#8230;<\/p>\n","protected":false},"author":4,"featured_media":0,"template":"","meta":{"_acf_changed":false,"inline_featured_image":false,"sfsi_plus_gutenberg_text_before_share":"","sfsi_plus_gutenberg_show_text_before_share":"","sfsi_plus_gutenberg_icon_type":"","sfsi_plus_gutenberg_icon_alignemt":"","sfsi_plus_gutenburg_max_per_row":"","_tribe_events_status":"","_tribe_events_status_reason":"","_tribe_events_is_hybrid":"","_tribe_events_is_virtual":"","_tribe_events_virtual_video_source":"","_tribe_events_virtual_embed_video":"","_tribe_events_virtual_linked_button_text":"","_tribe_events_virtual_linked_button":"","_tribe_events_virtual_show_embed_at":"","_tribe_events_virtual_show_embed_to":[],"_tribe_events_virtual_show_on_event":"","_tribe_events_virtual_show_on_views":"","_tribe_events_virtual_url":"","footnotes":""},"tags":[],"tribe_events_cat":[42],"class_list":["post-8834","tribe_events","type-tribe_events","status-publish","hentry","tribe_events_cat-akis-dogodki","cat_akis-dogodki"],"acf":[],"_links":{"self":[{"href":"https:\/\/skp.si\/portal-znanja\/wp-json\/wp\/v2\/tribe_events\/8834","targetHints":{"allow":["GET"]}}],"collection":[{"href":"https:\/\/skp.si\/portal-znanja\/wp-json\/wp\/v2\/tribe_events"}],"about":[{"href":"https:\/\/skp.si\/portal-znanja\/wp-json\/wp\/v2\/types\/tribe_events"}],"author":[{"embeddable":true,"href":"https:\/\/skp.si\/portal-znanja\/wp-json\/wp\/v2\/users\/4"}],"version-history":[{"count":2,"href":"https:\/\/skp.si\/portal-znanja\/wp-json\/wp\/v2\/tribe_events\/8834\/revisions"}],"predecessor-version":[{"id":8842,"href":"https:\/\/skp.si\/portal-znanja\/wp-json\/wp\/v2\/tribe_events\/8834\/revisions\/8842"}],"wp:attachment":[{"href":"https:\/\/skp.si\/portal-znanja\/wp-json\/wp\/v2\/media?parent=8834"}],"wp:term":[{"taxonomy":"post_tag","embeddable":true,"href":"https:\/\/skp.si\/portal-znanja\/wp-json\/wp\/v2\/tags?post=8834"},{"taxonomy":"tribe_events_cat","embeddable":true,"href":"https:\/\/skp.si\/portal-znanja\/wp-json\/wp\/v2\/tribe_events_cat?post=8834"}],"curies":[{"name":"wp","href":"https:\/\/api.w.org\/{rel}","templated":true}]}}

Zaključna konferenca transnacionalnega projekta: Agrinext

<p style="text-align: center;">Vabljeni na zaključno konferenca projekta <strong>AgriNext, </strong>ki bo združila strokovnjake, izobraževalce, kmete in mlade udeležence z namenom raziskovanja razvojnih priložnosti v kmetijstvu in agroturizmu. Dogodek bo predstavil inovativne pristope, dobre prakse ter poti za podjetništvo mladih in trajnostni razvoj podeželja.</p>
<p style="text-align: center;">Dogodek bo potekal <strong>13.5.2026, v Naklem.</strong></p>
<p style="text-align: center;">Več informacij <a href="https://www.agri-next.eu/en/events/agrinext-final-conference-in-slovenia/" rel="nofollow noopener external noreferrer" target="_blank" data-wpel-link="external" class="wpel-icon-right">o projektu.<i class="wpel-icon dashicons-before dashicons-external" aria-hidden="true"></i></a></p>
<p>&nbsp;</p>

<p>Vabljeni na zaključno konferenca projekta AgriNext, ki bo združila strokovnjake, izobraževalce, kmete in mlade udeležence z namenom raziskovanja razvojnih priložnosti v &#8230;</p>
